
{"id":2299,"date":"2023-07-13T11:47:12","date_gmt":"2023-07-13T09:47:12","guid":{"rendered":"https:\/\/ippa.uek.krakow.pl\/kpp\/?page_id=2299"},"modified":"2023-12-07T10:59:50","modified_gmt":"2023-12-07T09:59:50","slug":"historia-katedry-polityk-publicznych","status":"publish","type":"page","link":"https:\/\/ippa.uek.krakow.pl\/kpp\/historia-katedry-polityk-publicznych\/","title":{"rendered":"Historia Katedry Polityk Publicznych"},"content":{"rendered":"\t\t<div data-elementor-type=\"wp-page\" data-elementor-id=\"2299\" class=\"elementor elementor-2299\">\n\t\t\t\t\t\t<section data-particle_enable=\"false\" data-particle-mobile-disabled=\"false\" class=\"elementor-section elementor-top-section elementor-element elementor-element-2541acb elementor-section-boxed elementor-section-height-default elementor-section-height-default\" data-id=\"2541acb\" data-element_type=\"section\" data-settings=\"{&quot;jet_parallax_layout_list&quot;:[]}\">\n\t\t\t\t\t\t<div class=\"elementor-container elementor-column-gap-default\">\n\t\t\t\t\t<div class=\"elementor-column elementor-col-100 elementor-top-column elementor-element elementor-element-4a5cf58\" data-id=\"4a5cf58\" data-element_type=\"column\">\n\t\t\t<div class=\"elementor-widget-wrap elementor-element-populated\">\n\t\t\t\t\t\t<div class=\"elementor-element elementor-element-33b43e3 elementor-widget elementor-widget-text-editor\" data-id=\"33b43e3\" data-element_type=\"widget\" data-widget_type=\"text-editor.default\">\n\t\t\t\t<div class=\"elementor-widget-container\">\n\t\t\t\t\t\t\t<p><strong>Kalendarium<\/strong><\/p><p><strong>1993<\/strong> &#8211; powstanie Samodzielnego Zak\u0142adu Gospodarki i Administracji Publicznej z inicjatywy prof. dr. hab. Jerzego Hausnera; pierwsza siedziba \u2013 Biblioteka G\u0142\u00f3wna (IV p.)\u00a0<\/p><p><strong>1994<\/strong> &#8211; zatrudnienie pierwszych pracownik\u00f3w Zak\u0142adu<\/p><p><strong>1995<\/strong> &#8211; przekszta\u0142cenie Zak\u0142adu w Katedr\u0119 Gospodarki i Administracji Publicznej kierowan\u0105 przez prof. dr. hab. Jerzego Hausnera<\/p><p>uruchomienie nowej specjalno\u015bci GAP na kierunku Ekonomia (Wydzia\u0142 Ekonomii i Stosunk\u00f3w Mi\u0119dzynarodowych)<\/p><p>pierwsza rekrutacja student\u00f3w<\/p><p>pierwsze Sympozjum GAP \u2013 Limanowa<\/p><p><strong>1996<\/strong> -uruchomienie specjalno\u015bci GAP na studiach zaocznych<\/p><p>powstanie Kadry GAP \u2013 dru\u017cyny pi\u0142ki no\u017cnej \u0142\u0105cz\u0105cej pracownik\u00f3w, student\u00f3w i absolwent\u00f3w GAP<\/p><p><strong>1997<\/strong> -pierwsza Promocja Absolwent\u00f3w GAP<\/p><p>pierwsze Dni Otwartych Drzwi Katedry GAP<\/p><p>Kierowniczk\u0105 Sekretariatu Katedry GAP zostaje <span style=\"text-decoration: underline\">Agnieszka Gaw\u0119da (absolwentka GAP)<\/span><\/p><p><strong>1998<\/strong> &#8211; powstanie Stowarzyszenia Absolwent\u00f3w Specjalno\u015bci GAP<\/p><p><strong>2000<\/strong> -powstanie Ko\u0142a Naukowego Gospodarki Publicznej i Finans\u00f3w (p\u00f3\u017aniej: Ko\u0142a Naukowego Gospodarki i Administracji Publicznej)<\/p><p>wdro\u017cenie nowego programu nauczania dla specjalno\u015bci GAP<\/p><p>pierwszy Rajd GAP \u2013 Gorce<\/p><p><strong>2001<\/strong> -przeniesienie siedziby Katedry GAP do Budynku G\u0142\u00f3wnego (III p.)<\/p><p>pierwszy projekt kszta\u0142cenia profilowanego, realizowany dla student\u00f3w GAP przy wsp\u00f3\u0142pracy ze Szpitalem Uniwersyteckim w Krakowie<\/p><p><strong>2003<\/strong> &#8211; uruchomienie specjalno\u015bci GAP na studiach uzupe\u0142niaj\u0105cych magisterskich w Krakowie i Chrzanowie<\/p><p>pierwszy Bal GAP \u2013 Klub pod Jaszczurami<\/p><p>pierwszy Ob\u00f3z \u017beglarski GAP \u2013 Mazury<\/p><p><strong>2005<\/strong> &#8211; powstanie Fundacji Gospodarki i Administracji Publicznej z inicjatywy pracownik\u00f3w \u015arodowiska GAP<\/p><p><strong>2006<\/strong> &#8211; uruchomienie autorskiego i pierwszego w Polsce kierunku studi\u00f3w Gospodarka i Administracja Publiczna<\/p><p>pierwsze Seminarium \u201eDobre Rz\u0105dzenie\u201d<\/p><p><strong>2009<\/strong> &#8211; powstanie Ma\u0142opolskiego Funduszu Ekonomii Spo\u0142ecznej z inicjatywy pracownik\u00f3w \u015arodowiska GAP<\/p><p><strong>2010<\/strong> &#8211; przeniesienie siedziby Katedry GAP do Budynku Rakowicka 16<\/p><p><strong>2011<\/strong> -powstanie Agencji Artystycznej GAP, dzia\u0142aj\u0105cej na rzecz \u015arodowiska GAP<\/p><p>pierwszy Wiecz\u00f3r Klubowy GAP \u2013 koncert Przemys\u0142awa Gintrowskiego<\/p><p>powstanie Klubu Turystycznego GAP z inicjatywy student\u00f3w i pracownik\u00f3w GAP<\/p><p><strong>2012<\/strong> &#8211; kierowniczk\u0105 Sekretariatu Katedry GAP zostaje<span style=\"text-decoration: underline\"> Agnieszka Silenko (absolwentka GAP)<\/span><\/p><p>pierwsze Seminarium \u201eKo\u0142o Krakowskie\u201d<\/p><p>powo\u0142anie dr Macieja Fr\u0105czka (absolwenta GAP) na stanowisko Katedralnego Pe\u0142nomocnika ds. Os\u00f3b z Niepe\u0142nosprawno\u015bci\u0105<\/p><p><strong>2013<\/strong> &#8211; uruchomienie Programu Sta\u017cowego GAP dla student\u00f3w kierunku GAP<\/p><p><strong>2014<\/strong> &#8211; wyb\u00f3r dr. hab. Stanis\u0142awa Mazura, prof. UEK na stanowisko Kierownika Katedry GAP<\/p><p>uruchomienie modu\u0142u GAP na studiach doktoranckich, Wydzia\u0142 Ekonomii i Stosunk\u00f3w Mi\u0119dzynarodowych<\/p><p><strong>2016<\/strong> &#8211; zmiana nazwy Katedry GAP na Katedr\u0119 Administracji Publicznej (Katedra AP)<\/p><p>rozpocz\u0119cie dzia\u0142alno\u015bci przez nowy Wydzia\u0142 Gospodarki i Administracji Publicznej, w ramach kt\u00f3rego funkcjonowa\u0142a Katedra AP<\/p><p><strong>2017<\/strong> &#8211; wyodr\u0119bnienie Katedry Gospodarki Publicznej, kt\u00f3rej Kierownikiem zosta\u0142 dr hab. \u0141ukasz Mamica, prof. UEK<\/p><p><strong>2018<\/strong> &#8211; uzyskanie akredytacji z wyr\u00f3\u017cnieniem dla kierunku Gospodarka i Administracja Publiczna przyznanej przez Polsk\u0105 Komisj\u0119 Akredytacyjn\u0105<\/p><p><strong>2019<\/strong> &#8211; zmiana nazwy Katedry AP na Katedr\u0119 Polityk Publicznych (Katedra PP)<\/p><p>utworzenie Kolegium Gospodarki i Administracji Publicznej oraz Instytutu Polityk Publicznych i Administracji, w ramach kt\u00f3rych funkcjonuje Katedra PP<\/p><p>wyodr\u0119bnienie Katedry Zarz\u0105dzania Organizacjami Publicznymi, kt\u00f3rej Kierownikiem zosta\u0142 dr hab. Marek \u0106wiklicki, prof. UEK (absolwent GAP)<\/p><p>uzyskanie akredytacji zagranicznej dla kierunku Gospodarka i Administracja Publiczna (oba stopnie kszta\u0142cenia) przyznanej przez European Association for Public Administration Accreditation (EAPAA)<\/p><p>kierowniczk\u0105 Sekretariatu Katedry GAP zostaje <span style=\"text-decoration: underline\">Agnieszka Bogunia (absolwentka GAP)<\/span><\/p><p><strong>2020<\/strong> &#8211; zako\u0144czenie pracy akademickiej przez tw\u00f3rc\u0119 GAP prof. dr. hab. Jerzego Hausnera<\/p><p>wyb\u00f3r Kierownika Katedry PP dr. hab. Stanis\u0142awa Mazura, prof. UEK na stanowisko Rektora Uniwersytetu Ekonomicznego w Krakowie<\/p>\t\t\t\t\t\t<\/div>\n\t\t\t\t<\/div>\n\t\t\t\t\t<\/div>\n\t\t<\/div>\n\t\t\t\t\t<\/div>\n\t\t<\/section>\n\t\t\t\t<\/div>\n\t\t","protected":false},"excerpt":{"rendered":"<p>Kalendarium 1993 &#8211; powstanie Samodzielnego Zak\u0142adu Gospodarki i Administracji Publicznej z inicjatywy prof. dr. hab. Jerzego Hausnera; pierwsza siedziba \u2013 Biblioteka G\u0142\u00f3wna (IV p.)\u00a0 1994 &#8211; zatrudnienie pierwszych pracownik\u00f3w Zak\u0142adu 1995 &#8211; przekszta\u0142cenie Zak\u0142adu w Katedr\u0119 Gospodarki i Administracji Publicznej kierowan\u0105 przez prof. dr. hab. Jerzego Hausnera uruchomienie nowej specjalno\u015bci GAP na kierunku Ekonomia (Wydzia\u0142 Ekonomii i Stosunk\u00f3w Mi\u0119dzynarodowych) pierwsza rekrutacja student\u00f3w pierwsze Sympozjum GAP \u2013 Limanowa 1996 -uruchomienie specjalno\u015bci GAP na studiach zaocznych powstanie Kadry GAP \u2013 dru\u017cyny pi\u0142ki no\u017cnej \u0142\u0105cz\u0105cej pracownik\u00f3w, student\u00f3w i absolwent\u00f3w GAP 1997 -pierwsza Promocja Absolwent\u00f3w GAP pierwsze Dni Otwartych Drzwi Katedry GAP Kierowniczk\u0105 Sekretariatu Katedry GAP zostaje Agnieszka Gaw\u0119da (absolwentka GAP) 1998 &#8211; powstanie Stowarzyszenia Absolwent\u00f3w Specjalno\u015bci GAP 2000 -powstanie Ko\u0142a Naukowego Gospodarki Publicznej i Finans\u00f3w (p\u00f3\u017aniej: Ko\u0142a Naukowego Gospodarki i Administracji Publicznej) wdro\u017cenie nowego programu nauczania dla specjalno\u015bci GAP pierwszy Rajd GAP \u2013 Gorce 2001 -przeniesienie siedziby Katedry GAP do Budynku G\u0142\u00f3wnego (III p.) pierwszy projekt kszta\u0142cenia profilowanego, realizowany dla student\u00f3w GAP przy wsp\u00f3\u0142pracy ze Szpitalem Uniwersyteckim w Krakowie 2003 &#8211; uruchomienie specjalno\u015bci GAP na studiach uzupe\u0142niaj\u0105cych magisterskich w Krakowie i Chrzanowie pierwszy Bal GAP \u2013 Klub pod Jaszczurami pierwszy Ob\u00f3z \u017beglarski GAP \u2013 Mazury 2005 &#8211; powstanie Fundacji Gospodarki i Administracji Publicznej z inicjatywy pracownik\u00f3w \u015arodowiska GAP 2006 &#8211; uruchomienie autorskiego i pierwszego w Polsce kierunku studi\u00f3w Gospodarka i Administracja Publiczna pierwsze Seminarium \u201eDobre Rz\u0105dzenie\u201d 2009 &#8211; powstanie Ma\u0142opolskiego Funduszu Ekonomii Spo\u0142ecznej z inicjatywy pracownik\u00f3w \u015arodowiska GAP 2010 &#8211; przeniesienie siedziby Katedry GAP do Budynku Rakowicka 16 2011 -powstanie Agencji Artystycznej GAP, dzia\u0142aj\u0105cej na rzecz \u015arodowiska GAP pierwszy Wiecz\u00f3r Klubowy GAP \u2013 koncert Przemys\u0142awa Gintrowskiego powstanie Klubu Turystycznego GAP z inicjatywy student\u00f3w i pracownik\u00f3w GAP 2012 &#8211; kierowniczk\u0105 Sekretariatu Katedry GAP zostaje Agnieszka Silenko (absolwentka GAP) pierwsze Seminarium \u201eKo\u0142o Krakowskie\u201d powo\u0142anie dr Macieja Fr\u0105czka (absolwenta GAP) na stanowisko Katedralnego Pe\u0142nomocnika ds. Os\u00f3b z Niepe\u0142nosprawno\u015bci\u0105 2013 &#8211; uruchomienie Programu Sta\u017cowego GAP dla student\u00f3w kierunku GAP 2014 &#8211; wyb\u00f3r dr. hab. Stanis\u0142awa Mazura, prof. UEK na stanowisko Kierownika Katedry GAP uruchomienie modu\u0142u GAP na studiach doktoranckich, Wydzia\u0142 Ekonomii i Stosunk\u00f3w Mi\u0119dzynarodowych 2016 &#8211; zmiana nazwy Katedry GAP na Katedr\u0119 Administracji Publicznej (Katedra AP) rozpocz\u0119cie dzia\u0142alno\u015bci przez nowy Wydzia\u0142 Gospodarki i Administracji Publicznej, w ramach kt\u00f3rego funkcjonowa\u0142a Katedra AP 2017 &#8211; wyodr\u0119bnienie Katedry Gospodarki Publicznej, kt\u00f3rej Kierownikiem zosta\u0142 dr hab. \u0141ukasz Mamica, prof. UEK 2018 &#8211; uzyskanie akredytacji z wyr\u00f3\u017cnieniem dla kierunku Gospodarka i Administracja Publiczna przyznanej przez Polsk\u0105 Komisj\u0119 Akredytacyjn\u0105 2019 &#8211; zmiana nazwy Katedry AP na Katedr\u0119 Polityk Publicznych (Katedra PP) utworzenie Kolegium Gospodarki i Administracji Publicznej oraz Instytutu Polityk Publicznych i Administracji, w ramach kt\u00f3rych funkcjonuje Katedra PP wyodr\u0119bnienie Katedry Zarz\u0105dzania Organizacjami Publicznymi, kt\u00f3rej Kierownikiem zosta\u0142 dr hab. Marek \u0106wiklicki, prof. UEK (absolwent GAP) uzyskanie akredytacji zagranicznej dla kierunku Gospodarka i Administracja Publiczna (oba stopnie kszta\u0142cenia) przyznanej przez European Association for Public Administration Accreditation (EAPAA) kierowniczk\u0105 Sekretariatu Katedry GAP zostaje Agnieszka Bogunia (absolwentka GAP) 2020 &#8211; zako\u0144czenie pracy akademickiej przez tw\u00f3rc\u0119 GAP prof. dr. hab. Jerzego Hausnera wyb\u00f3r Kierownika Katedry PP dr. hab. Stanis\u0142awa Mazura, prof. UEK na stanowisko Rektora Uniwersytetu Ekonomicznego w Krakowie<\/p>\n","protected":false},"author":14,"featured_media":0,"parent":0,"menu_order":0,"comment_status":"closed","ping_status":"closed","template":"elementor_header_footer","meta":{"footnotes":""},"class_list":["post-2299","page","type-page","status-publish","hentry"],"_links":{"self":[{"href":"https:\/\/ippa.uek.krakow.pl\/kpp\/wp-json\/wp\/v2\/pages\/2299"}],"collection":[{"href":"https:\/\/ippa.uek.krakow.pl\/kpp\/wp-json\/wp\/v2\/pages"}],"about":[{"href":"https:\/\/ippa.uek.krakow.pl\/kpp\/wp-json\/wp\/v2\/types\/page"}],"author":[{"embeddable":true,"href":"https:\/\/ippa.uek.krakow.pl\/kpp\/wp-json\/wp\/v2\/users\/14"}],"replies":[{"embeddable":true,"href":"https:\/\/ippa.uek.krakow.pl\/kpp\/wp-json\/wp\/v2\/comments?post=2299"}],"version-history":[{"count":10,"href":"https:\/\/ippa.uek.krakow.pl\/kpp\/wp-json\/wp\/v2\/pages\/2299\/revisions"}],"predecessor-version":[{"id":2674,"href":"https:\/\/ippa.uek.krakow.pl\/kpp\/wp-json\/wp\/v2\/pages\/2299\/revisions\/2674"}],"wp:attachment":[{"href":"https:\/\/ippa.uek.krakow.pl\/kpp\/wp-json\/wp\/v2\/media?parent=2299"}],"curies":[{"name":"wp","href":"https:\/\/api.w.org\/{rel}","templated":true}]}}